15)/(3/n) is divided by 7?
6
Suppose 11*r + 9 = 14*r. Suppose 5*b - r*n - 222 = 0, -10*n = 4*b - 7*n - 156. Calculate the remainder when 121 is divided by b.
37
Suppose -19 = -5*r - 3*h + 3, 2*h = -4*r + 18. Suppose 0 = r*m - 953 + 388. What is the remainder when m is divided by 38?
37
Let x be (-120)/28 - 2/(-7). Let f(u) = 3*u**2 + 12*u + 3. Let w be f(x). Suppose -14*o = -w*o - 517. Calculate the remainder when o is divided by 28.
19
Calculate the remainder when (-57495)/(-42) + (-8)/(-112) is divided by 98.
95
Suppose 5 = -l, i = -3*l - 0*l - 129. Let n = 154 + i. What is the remainder when 78 is divided by n?
38
Let c(z) = -4*z - 25. Let h(d) = -d. Let k(g) = -c(g) + 3*h(g). Let r be k(-13). Suppose 0 = 3*u - u - r. Calculate the remainder when 25 is divided by u.
1
Suppose 4*s + 163 = r, 5*s = 2*r - 0*r - 200. What is the remainder when 54 is divided by (1 + (-3)/(-5))/(s/(-525))?
14
Let p = 256 - 214. Suppose 715 = -37*q + p*q. What is the remainder when q is divided by 4/(-2) + (-93)/(-3)?
27
What is the remainder when (44797456/363)/16 - (-3 + 101/33) is divided by 227?
222
Let c(s) = 2*s**3 - 23*s**2 + 73*s - 28. Calculate the remainder when c(7) is divided by (-195)/(-9) - 3/(-9).
20
Let f(d) = -d**3 + 16*d**2 + 8*d - 42. Let k be f(14). Suppose k = -119*t + 133*t. Calculate the remainder when t is divided by 15.
3
Let d be (1*-4)/(12/(-234)). Let h = d - 65. Suppose -100 = 3*j - h*j. Calculate the remainder when j is divided by 4.
2
Suppose -2*c - 173 = -5*q, -2*q - 4*c + 5*c + 69 = 0. Let m = 173 - 166. Suppose m*i = -7*i + 350. Calculate the remainder when q is divided by i.
10
Suppose -4*v - 18 = j, -4*j + v = -3*v - 28. Suppose 0*b + 37 = 3*b - j*s, -4*b = s - 31. Let r = 4 + b. What is the remainder when 115 is divided by r?
11
Let k(n) = -24*n**3 - 9*n + 14. Let a be k(2). Let u = -164 - a. What is the remainder when 34 is divided by u?
2
Suppose 3*m = 9, 0 = 2*n - 3*m - 2 - 7. Let b be (50/4*-3)/(n/(-60)). Suppose 54*h + b = 55*h. What is the remainder when h is divided by 42?
40
Suppose 2*z - 161 = 3*u, -2*z - z = 2*u - 235. What is the remainder when z is divided by 136/5 + 7*17/(-595)?
25
Let o(k) = -13*k + 237. Let n(p) = -6*p + 119. Let y(c) = -5*n(c) + 2*o(c). Calculate the remainder when 184 is divided by y(38).
29
Suppose 3*g - 6*g + 9 = 0. Suppose 3 = g*u - 3. Calculate the remainder when 17 is divided by (u + (2 - 1))/(3/6).
5
Let d = 4 + -2. Suppose -28 = -d*b + 22. What is the remainder when 195 is divided by b?
20
Let y(o) = 3*o**3 + 61*o**2 - 56*o - 13. Calculate the remainder when y(-21) is divided by 12.
5
Suppose 0 = -l + 5*l - 5*n - 883, l - 225 = -3*n. Let a = l + -164. What is the remainder when a is divided by 9?
4
Let k(d) = -d**3 + 8*d**2 + 2*d + 3. Suppose 3*g = 5*r + 751, -4*g - 784*r = -785*r - 1041. What is the remainder when g is divided by k(5)?
86
Let w be -3*85/(-15) - (4 + -2). Let p(v) = -10*v - 6. Let b be p(w). What is the remainder when -2*1/(8/b) is divided by 5?
4
Let w(l) = -l**3 + 7*l**2 + 4*l - 4. Let s be w(8). Suppose -5*d + 815 = -4*y, -3*y - 482 = -4*d + 171. What is the remainder when d is divided by 86/(-4)*s/18?
38
Let h(f) = f + 3. Let x be h(0). Suppose 4*a - x*u = 3*a + 178, 2*a - 3*u = 362. What is the remainder when a is divided by 31?
29
Suppose 4*i - 32*i = -196. Suppose -i*j = 5*j - 552. What is the remainder when j is divided by 2/3 - (-52)/3?
10
Let l be 4 + -6 - (1 + -31). Suppose -16*j + 20*j = l. Let f = j + 24. What is the remainder when f is divided by 18?
13
Suppose -18 = 5*p - 183. Let a = -110 + 84. Let z = a + 38. What is the remainder when p is divided by z?
9
Let o be (-64)/160 - 274/(-10). Suppose 96 = q + 5*s, 2*s = -3*q - o + 250. Calculate the remainder when q is divided by 17.
3
Suppose 40*d + 16*d - 1584 = 12*d. Calculate the remainder when d is divided by 17.
2
Suppose 4*b - 11 = 117. Suppose -2*n + 0*n = -b. Calculate the remainder when 5*((-12 - -8) + 42) is divided by n.
14
Let h be (-2)/19 - 223636/(-1862). Let x be 2/9 + 3072/27. Let j = h - x. Calculate the remainder when 22 is divided by j.
4
Let n = -2 - 11. Let j(u) = -8*u**2 + u**3 - 14*u**2 - 5*u + 35*u**2 - 13. What is the remainder when j(n) is divided by 14?
10
Let i(w) = -14*w - 162. Let h(t) = 30*t - 257. Let c be h(8). Calculate the remainder when i(c) is divided by 20.
16
What is the remainder when 1251 is divided by 19470/297 - (-4)/9?
63
Suppose -4*p = p + 15, 0 = -4*w - 4*p + 8. Suppose -436 - 86 = -w*u + 3*s, 220 = 2*u - 4*s. What is the remainder when 103 is divided by u/(-4)*8/(-6) + 1?
33
Let h be (-12)/21 + (-1614)/(-7). Suppose 569 + h = 17*r. What is the remainder when (8/10)/((-8)/(-1380)) is divided by r?
44
Let n(y) = 8*y**2 + 7*y - 10*y + 3 + 6. Let g be n(3). Let o = g + 103. What is the remainder when o is divided by 45?
40
Let i(w) = -w**3 + 57*w**2 + 589*w - 241. Calculate the remainder when i(65) is divided by 137.
134
Let a = 7029 + -3944. Calculate the remainder when a is divided by 16.
13
Suppose -270*v - 155*v + 18700 = 0. Let t(s) = -s**3 - 6*s**2 - 7*s. What is the remainder when v is divided by t(-5)?
4
Suppose -5*w + 2 + 13 = -r, r = -5. Suppose -o + 3*y + 1 = -2*y, -4*o + 58 = -w*y. Let x(b) = 2*b + 17. Calculate the remainder when x(o) is divided by 10.
9
Let l(v) = -7*v**3 - 8*v**2 - 60*v - 4. What is the remainder when l(-6) is divided by 36?
32
Suppose -53*t + 29040 = 7*t. Calculate the remainder when t is divided by 124.
112
Let t be 4/10 + 351/135 - -4. Suppose t = 8*z - 65. Calculate the remainder when 197 is divided by z.
8
Suppose 4*v - 16 = 0, g - v = -4*v - 145. Let a = g + 165. Calculate the remainder when 14 is divided by a.
6
Let p = 100 + 24. Let b be p + (2 + 3 - 1). Suppose 125 = h + 4*h - 5*d, 0 = 5*h - 4*d - b. What is the remainder when h is divided by 10?
8
Suppose 4*s - 3*s = 28. Let y(w) = -82*w - 1. Let v(j) = j**2 + 12*j - 1. Let g be v(-12). Calculate the remainder when y(g) is divided by s.
25
Let r = 919 - 787. What is the remainder when 462 is divided by r?
66
What is the remainder when (8647 + 8)/(10 - 7) is divided by 37?
36
Let k = -47 - -39. Let n(f) = f**3 + 9*f**2 + 2*f - 22. Calculate the remainder when 96 is divided by n(k).
18
Suppose 0 = 2*j - 10*j + 648. Suppose -7*o + j = 2*o. Calculate the remainder when ((-7)/3 + 3/o)*-25 is divided by 13.
11
Let x be 4*(-7)/((-84)/639). Let a = x - 184. What is the remainder when 113 is divided by a?
26
Let b(d) = 3*d**2 + d - 187. Calculate the remainder when (-2020)/(-22) + (-6)/(-33) is divided by b(-9).
45
Let o(f) = f**2 - 8*f - 45. Calculate the remainder when 1130 is divided by o(-6).
38
Let k = -67 + 70. Let s(t) = -t**3 + 7 - t**2 - k*t - 9 + 6. What is the remainder when s(-4) is divided by 34?
30
Suppose 1996 = 15*r - 509. What is the remainder when r is divided by 8?
7
Let n = -14064 - -14089. What is the remainder when 16574 is divided by n?
24
What is the remainder when 471 is divided by (-9)/(-12)*-1 + 15756/208?
21
Let h = -50 - -46. Let f be 795/9 + 2/(-12)*h. Suppose 4*s - f = 5*t + 51, -t + 70 = 2*s. Calculate the remainder when 68 is divided by s.
33
Let k(a) = -2*a**3 + 66*a**2 - 207*a - 37. Calculate the remainder when k(29) is divided by 56.
16
Let u = 456 + -319. Let o = 760 + -345. Suppose y - 461 = -o. Calculate the remainder when u is divided by y.
45
Let d = 274 - 240. Suppose -286 = -p - 3*q, 24*p - 25*p - 5*q = -296. What is the remainder when p is divided by d?
33
Suppose 4*u - 133 = 187. Suppose 50 - u = -5*x. Suppose -2*h - 56 = -2*z, -3*z + x*h = 7*h - 72. What is the remainder when 39 is divided by z?
14
What is the remainder when 7/((-42)/(-135))*684/120*8 is divided by 508?
10
Let m(p) = -2*p**2 - 64*p - 252. Calculate the remainder when 25 is divided by m(-27).
7
Let u be (3 + 3)/3 - (-3 + 3). Let f = u + 3. Suppose f*s - 216 = h, 0*s + 88 = 2*s - 2*h. Calculate the remainder when s is divided by 22.
21
Let r = 764 + -760. Suppose -2*k = -r*k + 5*l + 564, 3*k - 2*l - 846 = 0. What is the remainder when k is divided by 71?
69
Let i(o) = 5*o**2 - 68*o - 191. Calculate the remainder when i(-20) is divided by 1582.
5
Suppose -117*w - 244*w - 13903 + 75634 = 0. What is the remainder when 1023 is divided by w?
168
Let h = 3 + -1. Let c(k) be 